{"id":750,"date":"2016-02-09T19:13:28","date_gmt":"2016-02-09T19:13:28","guid":{"rendered":"http:\/\/merkanta.pl\/?page_id=750"},"modified":"2020-04-30T10:45:28","modified_gmt":"2020-04-30T10:45:28","slug":"test-startowej","status":"publish","type":"page","link":"https:\/\/merkanta.pl\/","title":{"rendered":"Strona g\u0142\u00f3wna"},"content":{"rendered":"<div class=\"fusion-fullwidth fullwidth-box fusion-fullwidth-1  fusion-parallax-none nonhundred-percent-fullwidth\" style=\"border-color:#eae9e9;border-bottom-width: 0px;border-top-width: 0px;border-bottom-style: solid;border-top-style: solid;padding-bottom:0px;padding-top:20px;padding-left:0px;padding-right:0px;\"><style type=\"text\/css\" scoped=\"scoped\">.fusion-fullwidth-1 {\n                            padding-left: 0px !important;\n                            padding-right: 0px !important;\n                        }<\/style><div class=\"fusion-row\"><div class=\"imageframe-align-center\"><span class=\"fusion-imageframe imageframe-none imageframe-1 hover-type-none\"><a class=\"fusion-no-lightbox\" href=\"http:\/\/merkanta.pl\/?page_id=1665\" target=\"_self\"> <img decoding=\"async\" src=\"http:\/\/merkanta.pl\/wp-content\/uploads\/2019\/12\/merk-1024x98.jpg\" alt=\"\" class=\"img-responsive\"\/><\/a><\/span><\/div><\/div><\/div><div class=\"fusion-fullwidth fullwidth-box fusion-fullwidth-2  fusion-parallax-none hundred-percent-fullwidth\" style=\"border-color:#eae9e9;border-bottom-width: 0px;border-top-width: 0px;border-bottom-style: solid;border-top-style: solid;padding-bottom:105px;padding-top:0px;padding-left:0px;padding-right:0px;background-position:center center;background-repeat:no-repeat;-webkit-background-size:cover;-moz-background-size:cover;-o-background-size:cover;background-size:cover;-ms-filter: &quot;progid:DXImageTransform.Microsoft.AlphaImageLoader(src=&#039;http:\/\/merkanta.pl\/wp-content\/uploads\/2019\/05\/baner2019-kopia.jpg&#039;, sizingMethod=&#039;scale&#039;)&quot;;background-image: url(http:\/\/merkanta.pl\/wp-content\/uploads\/2019\/05\/baner2019-kopia.jpg);\"><style type=\"text\/css\" scoped=\"scoped\">.fusion-fullwidth-2 {\n                            padding-left: 0px !important;\n                            padding-right: 0px !important;\n                        }<\/style><div class=\"fusion-row\"><div class=\"fusion-sep-clear\"><\/div><div class=\"fusion-separator fusion-full-width-sep sep-none\" style=\"border-color:#e0dede;margin-left: auto;margin-right: auto;margin-top:650px;\"><\/div><\/div><\/div><div class=\"fusion-fullwidth fullwidth-box fusion-fullwidth-3  fusion-parallax-none hundred-percent-fullwidth\" style=\"border-color:#eae9e9;border-bottom-width: 0px;border-top-width: 0px;border-bottom-style: solid;border-top-style: solid;padding-bottom:105px;padding-top:0px;padding-left:0px;padding-right:0px;\"><style type=\"text\/css\" scoped=\"scoped\">.fusion-fullwidth-3 {\n                            padding-left: 0px !important;\n                            padding-right: 0px !important;\n                        }<\/style><div class=\"fusion-row\"><div class=\"fusion-one-fourth fusion-layout-column fusion-spacing-yes\" style=\"margin-top:0px;margin-bottom:20px;\"><div class=\"fusion-column-wrapper\"><div class=\"fusion-clearfix\"><\/div><\/div><\/div><div class=\"fusion-three-fifth fusion-layout-column fusion-column-last fusion-spacing-yes\" style=\"margin-top:0px;margin-bottom:20px;\"><div class=\"fusion-column-wrapper\"><div class=\"fusion-sep-clear\"><\/div><div class=\"fusion-separator sep-none\" style=\"border-color:#e2e3e8;margin-top:0px;margin-bottom:35px;width:100%;max-width:170px;\"><\/div><span class=\"fusion-imageframe imageframe-none imageframe-2 hover-type-none\"> <img decoding=\"async\" src=\"http:\/\/merkanta.pl\/wp-content\/uploads\/2020\/04\/Bez-nazwy-1-1024x355.jpg\" alt=\"\" class=\"img-responsive\"\/><\/span><div class=\"fusion-clearfix\"><\/div><\/div><\/div><div class=\"fusion-clearfix\"><\/div><\/div><\/div><div class=\"fusion-fullwidth fullwidth-box fusion-fullwidth-4  fusion-parallax-none nonhundred-percent-fullwidth\" style=\"border-color:#eae9e9;border-bottom-width: 0px;border-top-width: 0px;border-bottom-style: solid;border-top-style: solid;padding-bottom:105px;padding-top:0px;padding-left:0px;padding-right:0px;\"><style type=\"text\/css\" scoped=\"scoped\">.fusion-fullwidth-4 {\n                            padding-left: 0px !important;\n                            padding-right: 0px !important;\n                        }<\/style><div class=\"fusion-row\"><div class=\"fusion-one-third fusion-layout-column fusion-spacing-yes\" style=\"margin-top:0px;margin-bottom:0px;\"><div class=\"fusion-column-wrapper\"><div class=\"fusion-sep-clear\"><\/div><div class=\"fusion-separator sep-none\" style=\"border-color:#e2e3e8;margin-top:0px;margin-bottom:35px;width:100%;max-width:170px;\"><\/div><span class=\"fusion-imageframe imageframe-none imageframe-3 hover-type-zoomin\"><a href=\"http:\/\/merkanta.pl\/wp-content\/uploads\/2015\/02\/ludz.jpg\" class=\"fusion-lightbox\" data-rel=\"iLightbox[a6d31dabe1cb2c6ac3b]\" data-title=\"ludz\"> <img decoding=\"async\" src=\"http:\/\/merkanta.pl\/wp-content\/uploads\/2015\/02\/ludz.jpg\" alt=\"\" class=\"img-responsive\"\/><\/a><\/span><div class=\"fusion-sep-clear\"><\/div><div class=\"fusion-separator fusion-full-width-sep sep-none\" style=\"border-color:#e0dede;margin-top:10px;margin-bottom:10px;\"><\/div><h2>MERKANTA<\/h2>\n<h3><em>Kompleksowe zaopatrzenie hurtowni i inwestycji\u00a0.<\/em><\/h3>\n<div class=\"fusion-clearfix\"><\/div><\/div><\/div><div class=\"fusion-one-third fusion-layout-column fusion-spacing-yes\" style=\"margin-top:0px;margin-bottom:40px;\"><div class=\"fusion-column-wrapper\"><div class=\"fusion-sep-clear\"><\/div><div class=\"fusion-separator sep-none\" style=\"border-color:#e2e3e8;margin-top:0px;margin-bottom:35px;width:100%;max-width:170px;\"><\/div><p>Nasza dzia\u0142alno\u015b\u0107 \u00a0rozpocz\u0119\u0142a\u00a0 si\u0119\u00a0 w <strong>1993 roku.<\/strong><\/p>\n<p>Od pocz\u0105tku zajmujemy si\u0119 przede wszystkim kompleksow\u0105 sprzeda\u017c\u0105 hurtow\u0105 i detaliczn\u0105 materia\u0142\u00f3w budowlanych i wyko\u0144czeniowych, obs\u0142ug\u0105 inwestycji budowlanych, w kolejnych latach rozszerzyli\u015bmy asortyment sprzeda\u017cy o : odzie\u017c ochronn\u0105 i bhp oraz odzie\u017c i \u015brodki ochrony jednorazowej oraz produkty przemys\u0142u spo\u017cywczego.<\/p>\n<p>Obecnie kompleksowo zaopatrujemy ponad \u00a0200 hurtowni materia\u0142\u00f3w budowlanych\u00a0 oraz firm budowlanych w materia\u0142y takie jak: gazobeton bia\u0142y i szary, ceg\u0142a ceramiczna, ceg\u0142a silikatowa, ceg\u0142a klinkierowa, pokrycia dachowe, wapno hydratyzowane, cement, papy, siatka elewacyjna, we\u0142ny mineralne, styropian, karton \u2013 gips.<\/p>\n<div class=\"fusion-clearfix\"><\/div><\/div><\/div><div class=\"fusion-one-third fusion-layout-column fusion-column-last fusion-spacing-yes\" style=\"margin-top:0px;margin-bottom:20px;\"><div class=\"fusion-column-wrapper\"><div class=\"fusion-sep-clear\"><\/div><div class=\"fusion-separator sep-none\" style=\"border-color:#e2e3e8;margin-top:0px;margin-bottom:35px;width:100%;max-width:170px;\"><\/div><p>Merkanta to oferta materia\u0142\u00f3w wyko\u0144czeniowych takie jak: p\u0142ytki ceramiczne, ceramika sanitarna, armatura, meble \u0142azienkowe, o\u015bwietlenie \u0142azienkowe, akcesoria \u0142azienkowe,\u00a0 kleje, farby.<\/p>\n<p>Utrzymujemy wysokie pozycje pod wzgl\u0119dem ilo\u015bci odbieranych materia\u0142\u00f3w u producent\u00f3w.<\/p>\n<p>Wsp\u00f3\u0142pracujemy z inwestorami i deweloperami, zapewniaj\u0105c kompleksowe zaopatrzenie inwestycji zar\u00f3wno dla klient\u00f3w indywidualnych jak i na osiedla mieszkaniowe, hotele <a href=\"http:\/\/merkanta.pl\/?page_id=9\"><strong>wi\u0119cej &#8230;.<\/strong><\/a><\/p>\n<div class=\"fusion-sep-clear\"><\/div><div class=\"fusion-separator sep-none\" style=\"border-color:#e2e3e8;margin-top:0px;margin-bottom:35px;width:100%;max-width:170px;\"><\/div><div class=\"fusion-clearfix\"><\/div><\/div><\/div><div class=\"fusion-clearfix\"><\/div><\/div><\/div><div class=\"fusion-fullwidth fullwidth-box fusion-fullwidth-5  fusion-parallax-fixed nonhundred-percent-fullwidth\" style=\"border-color:#eae9e9;border-bottom-width: 0px;border-top-width: 0px;border-bottom-style: solid;border-top-style: solid;padding-bottom:110px;padding-top:110px;padding-left:0px;padding-right:0px;background-attachment:fixed;background-position:center center;background-repeat:no-repeat;-webkit-background-size:cover;-moz-background-size:cover;-o-background-size:cover;background-size:cover;-ms-filter: &quot;progid:DXImageTransform.Microsoft.AlphaImageLoader(src=&#039;http:\/\/merkanta.pl\/wp-content\/uploads\/2016\/02\/stevia.jpg&#039;, sizingMethod=&#039;scale&#039;)&quot;;background-image: url(http:\/\/merkanta.pl\/wp-content\/uploads\/2016\/02\/stevia.jpg);\"><style type=\"text\/css\" scoped=\"scoped\">.fusion-fullwidth-5 {\n                            padding-left: 0px !important;\n                            padding-right: 0px !important;\n                        }<\/style><div class=\"fusion-row\"><h4><a href=\"http:\/\/merkanta.pl\/?page_id=1606\"><span style=\"color: #ffffff; font-size: 30px; letter-spacing: 2px;\">PRODUKTY PRZEMYS\u0141U SPO\u017bYWCZEGO<\/span><\/a><\/h4>\n<\/div><\/div><div class=\"fusion-fullwidth fullwidth-box fusion-fullwidth-6  fusion-parallax-fixed nonhundred-percent-fullwidth\" style=\"border-color:#eae9e9;border-bottom-width: 0px;border-top-width: 0px;border-bottom-style: solid;border-top-style: solid;padding-bottom:110px;padding-top:110px;padding-left:0px;padding-right:0px;background-attachment:fixed;background-position:center center;background-repeat:no-repeat;-webkit-background-size:cover;-moz-background-size:cover;-o-background-size:cover;background-size:cover;-ms-filter: &quot;progid:DXImageTransform.Microsoft.AlphaImageLoader(src=&#039;http:\/\/merkanta.pl\/wp-content\/uploads\/2015\/02\/home-section1.jpg&#039;, sizingMethod=&#039;scale&#039;)&quot;;background-image: url(http:\/\/merkanta.pl\/wp-content\/uploads\/2015\/02\/home-section1.jpg);\"><style type=\"text\/css\" scoped=\"scoped\">.fusion-fullwidth-6 {\n                            padding-left: 0px !important;\n                            padding-right: 0px !important;\n                        }<\/style><div class=\"fusion-row\"><h4><span style=\"color: #ffffff; font-size: 30px; letter-spacing: 2px;\"><a style=\"color: #ffffff;\" href=\"http:\/\/merkanta.pl\/?page_id=967\">MATERIA\u0141Y BUDOWLANE I WYKO\u0143CZENIOWE<\/a><\/span><\/h4>\n<\/div><\/div><div class=\"fusion-fullwidth fullwidth-box fusion-fullwidth-7  fusion-parallax-fixed nonhundred-percent-fullwidth\" style=\"border-color:#eae9e9;border-bottom-width: 0px;border-top-width: 0px;border-bottom-style: solid;border-top-style: solid;padding-bottom:110px;padding-top:110px;padding-left:0px;padding-right:0px;background-attachment:fixed;background-position:center center;background-repeat:no-repeat;-webkit-background-size:cover;-moz-background-size:cover;-o-background-size:cover;background-size:cover;-ms-filter: &quot;progid:DXImageTransform.Microsoft.AlphaImageLoader(src=&#039;http:\/\/merkanta.pl\/wp-content\/uploads\/2016\/02\/odziez.jpg&#039;, sizingMethod=&#039;scale&#039;)&quot;;background-image: url(http:\/\/merkanta.pl\/wp-content\/uploads\/2016\/02\/odziez.jpg);\"><style type=\"text\/css\" scoped=\"scoped\">.fusion-fullwidth-7 {\n                            padding-left: 0px !important;\n                            padding-right: 0px !important;\n                        }<\/style><div class=\"fusion-row\"><h4><span style=\"font-size: 30px; letter-spacing: 2px; color: #ffffff;\"><a style=\"color: #ffffff;\" href=\"http:\/\/merkanta.pl\/?page_id=1309\">ODZIE\u017b\u00a0OCHRONNA I BHP<\/a><\/span><\/h4>\n<\/div><\/div><div class=\"fusion-fullwidth fullwidth-box fusion-fullwidth-8  fusion-parallax-fixed nonhundred-percent-fullwidth\" style=\"border-color:#eae9e9;border-bottom-width: 0px;border-top-width: 0px;border-bottom-style: solid;border-top-style: solid;padding-bottom:110px;padding-top:110px;padding-left:0px;padding-right:0px;background-attachment:fixed;background-position:center center;background-repeat:no-repeat;-webkit-background-size:cover;-moz-background-size:cover;-o-background-size:cover;background-size:cover;-ms-filter: &quot;progid:DXImageTransform.Microsoft.AlphaImageLoader(src=&#039;http:\/\/merkanta.pl\/wp-content\/uploads\/2015\/02\/promocje.jpg&#039;, sizingMethod=&#039;scale&#039;)&quot;;background-image: url(http:\/\/merkanta.pl\/wp-content\/uploads\/2015\/02\/promocje.jpg);\"><style type=\"text\/css\" scoped=\"scoped\">.fusion-fullwidth-8 {\n                            padding-left: 0px !important;\n                            padding-right: 0px !important;\n                        }<\/style><div class=\"fusion-row\"><h4><span style=\"color: #ffffff; font-size: 30px; letter-spacing: 2px;\">PROMOCJE<\/span><\/h4>\n<\/div><\/div><div class=\"fusion-fullwidth fullwidth-box fusion-fullwidth-9  fusion-parallax-none nonhundred-percent-fullwidth\" style=\"border-color:#eae9e9;border-bottom-width: 0px;border-top-width: 0px;border-bottom-style: solid;border-top-style: solid;padding-bottom:120px;padding-top:130px;padding-left:0px;padding-right:0px;\"><style type=\"text\/css\" scoped=\"scoped\">.fusion-fullwidth-9 {\n                            padding-left: 0px !important;\n                            padding-right: 0px !important;\n                        }<\/style><div class=\"fusion-row\"><h2>RENOMOWANE PRODUKTY GWARANCJ\u0104 SUKCESU<\/h2>\n<div class=\"imageframe-align-center\"><span class=\"fusion-imageframe imageframe-none imageframe-4 hover-type-zoomin\"> <img decoding=\"async\" src=\"http:\/\/merkanta.pl\/wp-content\/uploads\/2016\/02\/nowe-loga-kopia.jpg\" alt=\"\" class=\"img-responsive\"\/><\/span><\/div><\/div><\/div><div class=\"fusion-fullwidth fullwidth-box fusion-fullwidth-10  fusion-parallax-none nonhundred-percent-fullwidth\" style=\"border-color:#eae9e9;border-bottom-width: 0px;border-top-width: 0px;border-bottom-style: solid;border-top-style: solid;padding-bottom:120px;padding-top:130px;padding-left:0px;padding-right:0px;background-color:#eaeaea;\"><style type=\"text\/css\" scoped=\"scoped\">.fusion-fullwidth-10 {\n                            padding-left: 0px !important;\n                            padding-right: 0px !important;\n                        }<\/style><div class=\"fusion-row\"><div class=\"fusion-one-third fusion-layout-column fusion-spacing-yes\" style=\"margin-top:0px;margin-bottom:0px;\"><div class=\"fusion-column-wrapper\" style=\"border-right:3px solid #e0dede;\"><h2>WIERZBICKA PARK<\/h2>\n<div class=\"fusion-clearfix\"><\/div><\/div><\/div><div class=\"fusion-two-third fusion-layout-column fusion-column-last fusion-spacing-yes\" style=\"margin-top:0px;margin-bottom:100px;\"><div class=\"fusion-column-wrapper\"><h3><em>Firma Merkanta mie\u015bci si\u0119 w kompleksie Wierzbicka Park w kt\u00f3rym znajdziecie Pa\u0144stwo r\u00f3wnie\u017c Galeri\u0119 Ceramiki -czyli miejsce gdzie ponownie zakochacie si\u0119 w waszej \u0142azience, Salon DDD,\u00a0 Szko\u0142\u0119 Ta\u0144ca RockStep<\/em><\/h3>\n<div class=\"fusion-clearfix\"><\/div><\/div><\/div><div class=\"fusion-clearfix\"><\/div><div class=\"fusion-one-full fusion-layout-column fusion-column-last fusion-spacing-yes\" style=\"margin-top:0px;margin-bottom:0px;\"><div class=\"fusion-column-wrapper\" style=\"border-right:3px solid #e0dede;\"><span class=\"fusion-imageframe imageframe-none imageframe-5 hover-type-none\"> <img decoding=\"async\" src=\"http:\/\/merkanta.pl\/wp-content\/uploads\/2016\/02\/20160625_11490f.jpg\" alt=\"\" class=\"img-responsive\"\/><\/span><div class=\"fusion-clearfix\"><\/div><\/div><\/div><div class=\"fusion-clearfix\"><\/div><\/div><\/div><div class=\"fusion-fullwidth fullwidth-box fusion-fullwidth-11  fusion-parallax-none nonhundred-percent-fullwidth\" style=\"border-color:#eae9e9;border-bottom-width: 0px;border-top-width: 0px;border-bottom-style: solid;border-top-style: solid;padding-bottom:20px;padding-top:20px;padding-left:;padding-right:;\"><style type=\"text\/css\" scoped=\"scoped\">.fusion-fullwidth-11 {\n                            padding-left: px !important;\n                            padding-right: px !important;\n                        }<\/style><div class=\"fusion-row\"><\/div><\/div><div class=\"fusion-fullwidth fullwidth-box fusion-fullwidth-12  fusion-parallax-none nonhundred-percent-fullwidth\" style=\"border-color:#eae9e9;border-bottom-width: 0px;border-top-width: 0px;border-bottom-style: solid;border-top-style: solid;padding-bottom:20px;padding-top:20px;padding-left:;padding-right:;\"><style type=\"text\/css\" scoped=\"scoped\">.fusion-fullwidth-12 {\n                            padding-left: px !important;\n                            padding-right: px !important;\n                        }<\/style><div class=\"fusion-row\"><\/div><\/div>\n","protected":false},"excerpt":{"rendered":"","protected":false},"author":1,"featured_media":0,"parent":0,"menu_order":0,"comment_status":"closed","ping_status":"closed","template":"100-width.php","meta":[],"aioseo_notices":[],"_links":{"self":[{"href":"https:\/\/merkanta.pl\/index.php?rest_route=\/wp\/v2\/pages\/750"}],"collection":[{"href":"https:\/\/merkanta.pl\/index.php?rest_route=\/wp\/v2\/pages"}],"about":[{"href":"https:\/\/merkanta.pl\/index.php?rest_route=\/wp\/v2\/types\/page"}],"author":[{"embeddable":true,"href":"https:\/\/merkanta.pl\/index.php?rest_route=\/wp\/v2\/users\/1"}],"replies":[{"embeddable":true,"href":"https:\/\/merkanta.pl\/index.php?rest_route=%2Fwp%2Fv2%2Fcomments&post=750"}],"version-history":[{"count":76,"href":"https:\/\/merkanta.pl\/index.php?rest_route=\/wp\/v2\/pages\/750\/revisions"}],"predecessor-version":[{"id":1687,"href":"https:\/\/merkanta.pl\/index.php?rest_route=\/wp\/v2\/pages\/750\/revisions\/1687"}],"wp:attachment":[{"href":"https:\/\/merkanta.pl\/index.php?rest_route=%2Fwp%2Fv2%2Fmedia&parent=750"}],"curies":[{"name":"wp","href":"https:\/\/api.w.org\/{rel}","templated":true}]}}