{"id":967,"date":"2016-03-06T11:59:37","date_gmt":"2016-03-06T11:59:37","guid":{"rendered":"http:\/\/merkanta.pl\/?page_id=967"},"modified":"2017-01-28T07:54:25","modified_gmt":"2017-01-28T07:54:25","slug":"materialy-budowlane-i-wykonczeniowe","status":"publish","type":"page","link":"http:\/\/merkanta.pl\/?page_id=967","title":{"rendered":"Materia\u0142y budowlane i wyko\u0144czeniowe"},"content":{"rendered":"<div class=\"fusion-fullwidth fullwidth-box fusion-fullwidth-1  fusion-parallax-none nonhundred-percent-fullwidth\" style=\"border-color:#eae9e9;border-bottom-width: 0px;border-top-width: 0px;border-bottom-style: solid;border-top-style: solid;padding-bottom:20px;padding-top:20px;padding-left:;padding-right:;\"><style type=\"text\/css\" scoped=\"scoped\">.fusion-fullwidth-1 {\n                            padding-left: px !important;\n                            padding-right: px !important;\n                        }<\/style><div class=\"fusion-row\"><p>Zapraszamy do zapoznania si\u0119 z nasz\u0105 ofert\u0105 z zakresu materia\u0142\u00f3w budowlanych i wyko\u0144czeniowych. Klient\u00f3w indywidualnych zapraszamy do naszego sk\u0142adu i sklepu, mieszcz\u0105cego si\u0119 przy ul. Wierzbickiej 26-44 w Radomiu.<\/p>\n<p>Inwestorzy, deweloperzy i hurtownie &#8211; prosimy o kontakt z dzia\u0142em handlowym &#8211; chcemy pozna\u0107 pa\u0144stwa potrzeby i indywidualnie przygotowa\u0107 atrakcyjne cenowo oferty na interesuj\u0105ce pa\u0144stwa materia\u0142y budowlane.<\/p>\n<div class=\"fusion-sep-clear\"><\/div><div class=\"fusion-separator fusion-full-width-sep sep-none\" style=\"border-color:#e0dede;margin-left: auto;margin-right: auto;margin-top:;\"><\/div><div class=\"fusion-woo-product-slider fusion-woo-slider\"><div class=\"fusion-carousel fusion-carousel-title-below-image\" data-metacontent=\"yes\" data-autoplay=\"no\" data-columns=\"5\" data-itemmargin=\"13\" data-itemwidth=\"180\" data-touchscroll=\"no\" data-imagesize=\"fixed\"><div class=\"fusion-carousel-positioner\"><ul class=\"fusion-carousel-holder\"><li class=\"fusion-carousel-item\"><div class=\"fusion-classic-product-image-wrapper\"><div class=\"fusion-carousel-item-wrapper\"><div class=\"fusion-image-wrapper fusion-image-size-fixed\" aria-haspopup=\"true\"><a href=\"http:\/\/merkanta.pl\/?product=cement\"><img width=\"180\" height=\"138\" src=\"http:\/\/merkanta.pl\/wp-content\/uploads\/2016\/03\/szablon-fotkiCegly-kopia-180x138.jpg\" class=\"attachment-related-img size-related-img wp-post-image\" alt=\"\" decoding=\"async\" loading=\"lazy\" \/><\/a><\/div><h4 class=\"fusion-carousel-title\"><a href=\"http:\/\/merkanta.pl\/?product=cement\" target=\"_self\">Cement<\/a><\/h4><div class=\"fusion-carousel-meta\"><a href=\"http:\/\/merkanta.pl\/?product_cat=matbud\" rel=\"tag\">Materia\u0142y budowlane<\/a><\/div><\/div><\/div><\/li><li class=\"fusion-carousel-item\"><div class=\"fusion-classic-product-image-wrapper\"><div class=\"fusion-carousel-item-wrapper\"><div class=\"fusion-image-wrapper fusion-image-size-fixed\" aria-haspopup=\"true\"><a href=\"http:\/\/merkanta.pl\/?product=wapno\"><img width=\"180\" height=\"138\" src=\"http:\/\/merkanta.pl\/wp-content\/uploads\/2016\/03\/szablon-fotkiwapno-180x138.jpg\" class=\"attachment-related-img size-related-img wp-post-image\" alt=\"\" decoding=\"async\" loading=\"lazy\" \/><\/a><\/div><h4 class=\"fusion-carousel-title\"><a href=\"http:\/\/merkanta.pl\/?product=wapno\" target=\"_self\">Wapno<\/a><\/h4><div class=\"fusion-carousel-meta\"><a href=\"http:\/\/merkanta.pl\/?product_cat=matbud\" rel=\"tag\">Materia\u0142y budowlane<\/a><\/div><\/div><\/div><\/li><li class=\"fusion-carousel-item\"><div class=\"fusion-classic-product-image-wrapper\"><div class=\"fusion-carousel-item-wrapper\"><div class=\"fusion-image-wrapper fusion-image-size-fixed\" aria-haspopup=\"true\"><a href=\"http:\/\/merkanta.pl\/?product=cegla-silikatowa\"><img width=\"180\" height=\"138\" src=\"http:\/\/merkanta.pl\/wp-content\/uploads\/2016\/03\/szablon-fotki-pustak-180x138.jpg\" class=\"attachment-related-img size-related-img wp-post-image\" alt=\"\" decoding=\"async\" loading=\"lazy\" \/><\/a><\/div><h4 class=\"fusion-carousel-title\"><a href=\"http:\/\/merkanta.pl\/?product=cegla-silikatowa\" target=\"_self\">Ceg\u0142a silikatowa<\/a><\/h4><div class=\"fusion-carousel-meta\"><a href=\"http:\/\/merkanta.pl\/?product_cat=matbud\" rel=\"tag\">Materia\u0142y budowlane<\/a><\/div><\/div><\/div><\/li><li class=\"fusion-carousel-item\"><div class=\"fusion-classic-product-image-wrapper\"><div class=\"fusion-carousel-item-wrapper\"><div class=\"fusion-image-wrapper fusion-image-size-fixed\" aria-haspopup=\"true\"><a href=\"http:\/\/merkanta.pl\/?product=pustak-bialy\"><img width=\"180\" height=\"138\" src=\"http:\/\/merkanta.pl\/wp-content\/uploads\/2016\/03\/szablon-fotkipbialy-180x138.jpg\" class=\"attachment-related-img size-related-img wp-post-image\" alt=\"\" decoding=\"async\" loading=\"lazy\" \/><\/a><\/div><h4 class=\"fusion-carousel-title\"><a href=\"http:\/\/merkanta.pl\/?product=pustak-bialy\" target=\"_self\">Pustak bia\u0142y<\/a><\/h4><div class=\"fusion-carousel-meta\"><a href=\"http:\/\/merkanta.pl\/?product_cat=matbud\" rel=\"tag\">Materia\u0142y budowlane<\/a><\/div><\/div><\/div><\/li><li class=\"fusion-carousel-item\"><div class=\"fusion-classic-product-image-wrapper\"><div class=\"fusion-carousel-item-wrapper\"><div class=\"fusion-image-wrapper fusion-image-size-fixed\" aria-haspopup=\"true\"><a href=\"http:\/\/merkanta.pl\/?product=kostka-brukowa\"><img width=\"180\" height=\"138\" src=\"http:\/\/merkanta.pl\/wp-content\/uploads\/2016\/05\/kostka-180x138.jpg\" class=\"attachment-related-img size-related-img wp-post-image\" alt=\"\" decoding=\"async\" loading=\"lazy\" \/><\/a><\/div><h4 class=\"fusion-carousel-title\"><a href=\"http:\/\/merkanta.pl\/?product=kostka-brukowa\" target=\"_self\">Kostka brukowa<\/a><\/h4><div class=\"fusion-carousel-meta\"><a href=\"http:\/\/merkanta.pl\/?product_cat=matbud\" rel=\"tag\">Materia\u0142y budowlane<\/a><\/div><\/div><\/div><\/li><li class=\"fusion-carousel-item\"><div class=\"fusion-classic-product-image-wrapper\"><div class=\"fusion-carousel-item-wrapper\"><div class=\"fusion-image-wrapper fusion-image-size-fixed\" aria-haspopup=\"true\"><a href=\"http:\/\/merkanta.pl\/?product=cegla-ceramiczna-2\"><img width=\"180\" height=\"138\" src=\"http:\/\/merkanta.pl\/wp-content\/uploads\/2016\/03\/182c7f9deebd81d61ce30195a4b3a77b641000-180x138.jpg\" class=\"attachment-related-img size-related-img wp-post-image\" alt=\"\" decoding=\"async\" loading=\"lazy\" \/><\/a><\/div><h4 class=\"fusion-carousel-title\"><a href=\"http:\/\/merkanta.pl\/?product=cegla-ceramiczna-2\" target=\"_self\">Ceg\u0142a ceramiczna<\/a><\/h4><div class=\"fusion-carousel-meta\"><a href=\"http:\/\/merkanta.pl\/?product_cat=matbud\" rel=\"tag\">Materia\u0142y budowlane<\/a><\/div><\/div><\/div><\/li><li class=\"fusion-carousel-item\"><div class=\"fusion-classic-product-image-wrapper\"><div class=\"fusion-carousel-item-wrapper\"><div class=\"fusion-image-wrapper fusion-image-size-fixed\" aria-haspopup=\"true\"><a href=\"http:\/\/merkanta.pl\/?product=pustak-ytong-silka\"><img width=\"180\" height=\"138\" src=\"http:\/\/merkanta.pl\/wp-content\/uploads\/2016\/03\/szablon-fotkizolty-180x138.jpg\" class=\"attachment-related-img size-related-img wp-post-image\" alt=\"\" decoding=\"async\" loading=\"lazy\" \/><\/a><\/div><h4 class=\"fusion-carousel-title\"><a href=\"http:\/\/merkanta.pl\/?product=pustak-ytong-silka\" target=\"_self\">Pustak Ytong, Silka<\/a><\/h4><div class=\"fusion-carousel-meta\"><a href=\"http:\/\/merkanta.pl\/?product_cat=matbud\" rel=\"tag\">Materia\u0142y budowlane<\/a><\/div><\/div><\/div><\/li><li class=\"fusion-carousel-item\"><div class=\"fusion-classic-product-image-wrapper\"><div class=\"fusion-carousel-item-wrapper\"><div class=\"fusion-image-wrapper fusion-image-size-fixed\" aria-haspopup=\"true\"><a href=\"http:\/\/merkanta.pl\/?product=styropian\"><img width=\"180\" height=\"138\" src=\"http:\/\/merkanta.pl\/wp-content\/uploads\/2016\/03\/styro-180x138.jpg\" class=\"attachment-related-img size-related-img wp-post-image\" alt=\"\" decoding=\"async\" loading=\"lazy\" \/><\/a><\/div><h4 class=\"fusion-carousel-title\"><a href=\"http:\/\/merkanta.pl\/?product=styropian\" target=\"_self\">Styropian<\/a><\/h4><div class=\"fusion-carousel-meta\"><a href=\"http:\/\/merkanta.pl\/?product_cat=matbud\" rel=\"tag\">Materia\u0142y budowlane<\/a><\/div><\/div><\/div><\/li><li class=\"fusion-carousel-item\"><div class=\"fusion-classic-product-image-wrapper\"><div class=\"fusion-carousel-item-wrapper\"><div class=\"fusion-image-wrapper fusion-image-size-fixed\" aria-haspopup=\"true\"><a href=\"http:\/\/merkanta.pl\/?product=welna-mineralna\"><img width=\"180\" height=\"138\" src=\"http:\/\/merkanta.pl\/wp-content\/uploads\/2016\/03\/szablon-fotkiwelnma-180x138.jpg\" class=\"attachment-related-img size-related-img wp-post-image\" alt=\"\" decoding=\"async\" loading=\"lazy\" \/><\/a><\/div><h4 class=\"fusion-carousel-title\"><a href=\"http:\/\/merkanta.pl\/?product=welna-mineralna\" target=\"_self\">We\u0142na mineralna<\/a><\/h4><div class=\"fusion-carousel-meta\"><a href=\"http:\/\/merkanta.pl\/?product_cat=matbud\" rel=\"tag\">Materia\u0142y budowlane<\/a><\/div><\/div><\/div><\/li><li class=\"fusion-carousel-item\"><div class=\"fusion-classic-product-image-wrapper\"><div class=\"fusion-carousel-item-wrapper\"><div class=\"fusion-image-wrapper fusion-image-size-fixed\" aria-haspopup=\"true\"><a href=\"http:\/\/merkanta.pl\/?product=termoizolacja-kingspan-kooltherm\"><img width=\"180\" height=\"138\" src=\"http:\/\/merkanta.pl\/wp-content\/uploads\/2016\/03\/izolacje-180x138.jpg\" class=\"attachment-related-img size-related-img wp-post-image\" alt=\"\" decoding=\"async\" loading=\"lazy\" \/><\/a><\/div><h4 class=\"fusion-carousel-title\"><a href=\"http:\/\/merkanta.pl\/?product=termoizolacja-kingspan-kooltherm\" target=\"_self\">Termoizolacja Kingspan Kooltherm<\/a><\/h4><div class=\"fusion-carousel-meta\"><a href=\"http:\/\/merkanta.pl\/?product_cat=matbud\" rel=\"tag\">Materia\u0142y budowlane<\/a><\/div><\/div><\/div><\/li><li class=\"fusion-carousel-item\"><div class=\"fusion-classic-product-image-wrapper\"><div class=\"fusion-carousel-item-wrapper\"><div class=\"fusion-image-wrapper fusion-image-size-fixed\" aria-haspopup=\"true\"><a href=\"http:\/\/merkanta.pl\/?product=kominy-i-systemy-kominowe\"><img width=\"180\" height=\"138\" src=\"http:\/\/merkanta.pl\/wp-content\/uploads\/2016\/03\/szablon-klomin-180x138.jpg\" class=\"attachment-related-img size-related-img wp-post-image\" alt=\"\" decoding=\"async\" loading=\"lazy\" \/><\/a><\/div><h4 class=\"fusion-carousel-title\"><a href=\"http:\/\/merkanta.pl\/?product=kominy-i-systemy-kominowe\" target=\"_self\">Kominy i systemy kominowe<\/a><\/h4><div class=\"fusion-carousel-meta\"><a href=\"http:\/\/merkanta.pl\/?product_cat=matbud\" rel=\"tag\">Materia\u0142y budowlane<\/a><\/div><\/div><\/div><\/li><li class=\"fusion-carousel-item\"><div class=\"fusion-classic-product-image-wrapper\"><div class=\"fusion-carousel-item-wrapper\"><div class=\"fusion-image-wrapper fusion-image-size-fixed\" aria-haspopup=\"true\"><a href=\"http:\/\/merkanta.pl\/?product=stolarka-budowlana\"><img width=\"180\" height=\"138\" src=\"http:\/\/merkanta.pl\/wp-content\/uploads\/2016\/03\/okna-180x138.jpg\" class=\"attachment-related-img size-related-img wp-post-image\" alt=\"\" decoding=\"async\" loading=\"lazy\" \/><\/a><\/div><h4 class=\"fusion-carousel-title\"><a href=\"http:\/\/merkanta.pl\/?product=stolarka-budowlana\" target=\"_self\">Stolarka budowlana<\/a><\/h4><div class=\"fusion-carousel-meta\"><a href=\"http:\/\/merkanta.pl\/?product_cat=matbud\" rel=\"tag\">Materia\u0142y budowlane<\/a><\/div><\/div><\/div><\/li><li class=\"fusion-carousel-item\"><div class=\"fusion-classic-product-image-wrapper\"><div class=\"fusion-carousel-item-wrapper\"><div class=\"fusion-image-wrapper fusion-image-size-fixed\" aria-haspopup=\"true\"><a href=\"http:\/\/merkanta.pl\/?product=izolacje-bitumiczne\"><img width=\"180\" height=\"138\" src=\"http:\/\/merkanta.pl\/wp-content\/uploads\/2016\/03\/izolacja-180x138.jpg\" class=\"attachment-related-img size-related-img wp-post-image\" alt=\"\" decoding=\"async\" loading=\"lazy\" \/><\/a><\/div><h4 class=\"fusion-carousel-title\"><a href=\"http:\/\/merkanta.pl\/?product=izolacje-bitumiczne\" target=\"_self\">Izolacje bitumiczne<\/a><\/h4><div class=\"fusion-carousel-meta\"><a href=\"http:\/\/merkanta.pl\/?product_cat=matbud\" rel=\"tag\">Materia\u0142y budowlane<\/a><\/div><\/div><\/div><\/li><li class=\"fusion-carousel-item\"><div class=\"fusion-classic-product-image-wrapper\"><div class=\"fusion-carousel-item-wrapper\"><div class=\"fusion-image-wrapper fusion-image-size-fixed\" aria-haspopup=\"true\"><a href=\"http:\/\/merkanta.pl\/?product=cegla-klinkierowa\"><img width=\"180\" height=\"138\" src=\"http:\/\/merkanta.pl\/wp-content\/uploads\/2016\/03\/cegla-klink-180x138.jpg\" class=\"attachment-related-img size-related-img wp-post-image\" alt=\"\" decoding=\"async\" loading=\"lazy\" \/><\/a><\/div><h4 class=\"fusion-carousel-title\"><a href=\"http:\/\/merkanta.pl\/?product=cegla-klinkierowa\" target=\"_self\">Ceg\u0142a klinkierowa<\/a><\/h4><div class=\"fusion-carousel-meta\"><a href=\"http:\/\/merkanta.pl\/?product_cat=matbud\" rel=\"tag\">Materia\u0142y budowlane<\/a><\/div><\/div><\/div><\/li><li class=\"fusion-carousel-item\"><div class=\"fusion-classic-product-image-wrapper\"><div class=\"fusion-carousel-item-wrapper\"><div class=\"fusion-image-wrapper fusion-image-size-fixed\" aria-haspopup=\"true\"><a href=\"http:\/\/merkanta.pl\/?product=dachy-i-rynny\"><img width=\"180\" height=\"138\" src=\"http:\/\/merkanta.pl\/wp-content\/uploads\/2016\/03\/rynny-i-dachy-180x138.jpg\" class=\"attachment-related-img size-related-img wp-post-image\" alt=\"\" decoding=\"async\" loading=\"lazy\" \/><\/a><\/div><h4 class=\"fusion-carousel-title\"><a href=\"http:\/\/merkanta.pl\/?product=dachy-i-rynny\" target=\"_self\">Dachy i rynny<\/a><\/h4><div class=\"fusion-carousel-meta\"><a href=\"http:\/\/merkanta.pl\/?product_cat=matbud\" rel=\"tag\">Materia\u0142y budowlane<\/a><\/div><\/div><\/div><\/li><li class=\"fusion-carousel-item\"><div class=\"fusion-classic-product-image-wrapper\"><div class=\"fusion-carousel-item-wrapper\"><div class=\"fusion-image-wrapper fusion-image-size-fixed\" aria-haspopup=\"true\"><a href=\"http:\/\/merkanta.pl\/?product=siatka-elewacyjna\"><img width=\"180\" height=\"138\" src=\"http:\/\/merkanta.pl\/wp-content\/uploads\/2016\/03\/szablon-fotkisiatka-180x138.jpg\" class=\"attachment-related-img size-related-img wp-post-image\" alt=\"\" decoding=\"async\" loading=\"lazy\" \/><\/a><\/div><h4 class=\"fusion-carousel-title\"><a href=\"http:\/\/merkanta.pl\/?product=siatka-elewacyjna\" target=\"_self\">Siatka elewacyjna<\/a><\/h4><div class=\"fusion-carousel-meta\"><a href=\"http:\/\/merkanta.pl\/?product_cat=matbud\" rel=\"tag\">Materia\u0142y budowlane<\/a><\/div><\/div><\/div><\/li><li class=\"fusion-carousel-item\"><div class=\"fusion-classic-product-image-wrapper\"><div class=\"fusion-carousel-item-wrapper\"><div class=\"fusion-image-wrapper fusion-image-size-fixed\" aria-haspopup=\"true\"><a href=\"http:\/\/merkanta.pl\/?product=papy\"><img width=\"180\" height=\"138\" src=\"http:\/\/merkanta.pl\/wp-content\/uploads\/2016\/03\/szablon-fotkipapa-180x138.jpg\" class=\"attachment-related-img size-related-img wp-post-image\" alt=\"\" decoding=\"async\" loading=\"lazy\" \/><\/a><\/div><h4 class=\"fusion-carousel-title\"><a href=\"http:\/\/merkanta.pl\/?product=papy\" target=\"_self\">Papy<\/a><\/h4><div class=\"fusion-carousel-meta\"><a href=\"http:\/\/merkanta.pl\/?product_cat=matbud\" rel=\"tag\">Materia\u0142y budowlane<\/a><\/div><\/div><\/div><\/li><\/ul><div class=\"fusion-carousel-nav\"><span class=\"fusion-nav-prev\"><\/span><span class=\"fusion-nav-next\"><\/span><\/div><\/div><\/div><\/div><div class=\"fusion-sep-clear\"><\/div><div class=\"fusion-separator fusion-full-width-sep sep-none\" style=\"border-color:#e0dede;margin-left: auto;margin-right: auto;margin-top:;\"><\/div><div class=\"fusion-woo-product-slider fusion-woo-slider\"><div class=\"fusion-carousel fusion-carousel-title-below-image\" data-metacontent=\"yes\" data-autoplay=\"no\" data-columns=\"5\" data-itemmargin=\"13\" data-itemwidth=\"180\" data-touchscroll=\"no\" data-imagesize=\"fixed\"><div class=\"fusion-carousel-positioner\"><ul class=\"fusion-carousel-holder\"><li class=\"fusion-carousel-item\"><div class=\"fusion-classic-product-image-wrapper\"><div class=\"fusion-carousel-item-wrapper\"><div class=\"fusion-image-wrapper fusion-image-size-fixed\" aria-haspopup=\"true\"><a href=\"http:\/\/merkanta.pl\/?product=plytki-ceramiczne\"><img width=\"180\" height=\"138\" src=\"http:\/\/merkanta.pl\/wp-content\/uploads\/2016\/03\/plytki-180x138.jpg\" class=\"attachment-related-img size-related-img wp-post-image\" alt=\"\" decoding=\"async\" loading=\"lazy\" \/><\/a><\/div><h4 class=\"fusion-carousel-title\"><a href=\"http:\/\/merkanta.pl\/?product=plytki-ceramiczne\" target=\"_self\">P\u0142ytki ceramiczne<\/a><\/h4><div class=\"fusion-carousel-meta\"><a href=\"http:\/\/merkanta.pl\/?product_cat=matwyk\" rel=\"tag\">Materia\u0142y wyko\u0144czeniowe<\/a><\/div><\/div><\/div><\/li><li class=\"fusion-carousel-item\"><div class=\"fusion-classic-product-image-wrapper\"><div class=\"fusion-carousel-item-wrapper\"><div class=\"fusion-image-wrapper fusion-image-size-fixed\" aria-haspopup=\"true\"><a href=\"http:\/\/merkanta.pl\/?product=ceramika-sanitarna\"><img width=\"180\" height=\"138\" src=\"http:\/\/merkanta.pl\/wp-content\/uploads\/2016\/03\/wamma-180x138.jpg\" class=\"attachment-related-img size-related-img wp-post-image\" alt=\"\" decoding=\"async\" loading=\"lazy\" \/><\/a><\/div><h4 class=\"fusion-carousel-title\"><a href=\"http:\/\/merkanta.pl\/?product=ceramika-sanitarna\" target=\"_self\">Ceramika sanitarna<\/a><\/h4><div class=\"fusion-carousel-meta\"><a href=\"http:\/\/merkanta.pl\/?product_cat=matwyk\" rel=\"tag\">Materia\u0142y wyko\u0144czeniowe<\/a><\/div><\/div><\/div><\/li><li class=\"fusion-carousel-item\"><div class=\"fusion-classic-product-image-wrapper\"><div class=\"fusion-carousel-item-wrapper\"><div class=\"fusion-image-wrapper fusion-image-size-fixed\" aria-haspopup=\"true\"><a href=\"http:\/\/merkanta.pl\/?product=sufity-podwieszane\"><img width=\"180\" height=\"138\" src=\"http:\/\/merkanta.pl\/wp-content\/uploads\/2016\/03\/sufity-180x138.jpg\" class=\"attachment-related-img size-related-img wp-post-image\" alt=\"\" decoding=\"async\" loading=\"lazy\" \/><\/a><\/div><h4 class=\"fusion-carousel-title\"><a href=\"http:\/\/merkanta.pl\/?product=sufity-podwieszane\" target=\"_self\">Sufity podwieszane<\/a><\/h4><div class=\"fusion-carousel-meta\"><a href=\"http:\/\/merkanta.pl\/?product_cat=matwyk\" rel=\"tag\">Materia\u0142y wyko\u0144czeniowe<\/a><\/div><\/div><\/div><\/li><li class=\"fusion-carousel-item\"><div class=\"fusion-classic-product-image-wrapper\"><div class=\"fusion-carousel-item-wrapper\"><div class=\"fusion-image-wrapper fusion-image-size-fixed\" aria-haspopup=\"true\"><a href=\"http:\/\/merkanta.pl\/?product=chemia-budowlana\"><img width=\"180\" height=\"138\" src=\"http:\/\/merkanta.pl\/wp-content\/uploads\/2016\/03\/chemiabudowlana-180x138.jpg\" class=\"attachment-related-img size-related-img wp-post-image\" alt=\"\" decoding=\"async\" loading=\"lazy\" \/><\/a><\/div><h4 class=\"fusion-carousel-title\"><a href=\"http:\/\/merkanta.pl\/?product=chemia-budowlana\" target=\"_self\">Chemia budowlana<\/a><\/h4><div class=\"fusion-carousel-meta\"><a href=\"http:\/\/merkanta.pl\/?product_cat=matwyk\" rel=\"tag\">Materia\u0142y wyko\u0144czeniowe<\/a><\/div><\/div><\/div><\/li><li class=\"fusion-carousel-item\"><div class=\"fusion-classic-product-image-wrapper\"><div class=\"fusion-carousel-item-wrapper\"><div class=\"fusion-image-wrapper fusion-image-size-fixed\" aria-haspopup=\"true\"><a href=\"http:\/\/merkanta.pl\/?product=karton-gips\"><img width=\"180\" height=\"138\" src=\"http:\/\/merkanta.pl\/wp-content\/uploads\/2016\/03\/karton-180x138.jpg\" class=\"attachment-related-img size-related-img wp-post-image\" alt=\"\" decoding=\"async\" loading=\"lazy\" \/><\/a><\/div><h4 class=\"fusion-carousel-title\"><a href=\"http:\/\/merkanta.pl\/?product=karton-gips\" target=\"_self\">Karton gips<\/a><\/h4><div class=\"fusion-carousel-meta\"><a href=\"http:\/\/merkanta.pl\/?product_cat=matwyk\" rel=\"tag\">Materia\u0142y wyko\u0144czeniowe<\/a><\/div><\/div><\/div><\/li><li class=\"fusion-carousel-item\"><div class=\"fusion-classic-product-image-wrapper\"><div class=\"fusion-carousel-item-wrapper\"><div class=\"fusion-image-wrapper fusion-image-size-fixed\" aria-haspopup=\"true\"><a href=\"http:\/\/merkanta.pl\/?product=farby-i-lakiery\"><img width=\"180\" height=\"138\" src=\"http:\/\/merkanta.pl\/wp-content\/uploads\/2016\/03\/pallette-180x138.jpg\" class=\"attachment-related-img size-related-img wp-post-image\" alt=\"\" decoding=\"async\" loading=\"lazy\" \/><\/a><\/div><h4 class=\"fusion-carousel-title\"><a href=\"http:\/\/merkanta.pl\/?product=farby-i-lakiery\" target=\"_self\">Farby i lakiery<\/a><\/h4><div class=\"fusion-carousel-meta\"><a href=\"http:\/\/merkanta.pl\/?product_cat=matwyk\" rel=\"tag\">Materia\u0142y wyko\u0144czeniowe<\/a><\/div><\/div><\/div><\/li><li class=\"fusion-carousel-item\"><div class=\"fusion-classic-product-image-wrapper\"><div class=\"fusion-carousel-item-wrapper\"><div class=\"fusion-image-wrapper fusion-image-size-fixed\" aria-haspopup=\"true\"><a href=\"http:\/\/merkanta.pl\/?product=pustaki-szklane-luksfery\"><img width=\"180\" height=\"138\" src=\"http:\/\/merkanta.pl\/wp-content\/uploads\/2016\/03\/pustakszklany-180x138.jpg\" class=\"attachment-related-img size-related-img wp-post-image\" alt=\"\" decoding=\"async\" loading=\"lazy\" \/><\/a><\/div><h4 class=\"fusion-carousel-title\"><a href=\"http:\/\/merkanta.pl\/?product=pustaki-szklane-luksfery\" target=\"_self\">Pustaki szklane Luksfery<\/a><\/h4><div class=\"fusion-carousel-meta\"><a href=\"http:\/\/merkanta.pl\/?product_cat=matwyk\" rel=\"tag\">Materia\u0142y wyko\u0144czeniowe<\/a><\/div><\/div><\/div><\/li><li class=\"fusion-carousel-item\"><div class=\"fusion-classic-product-image-wrapper\"><div class=\"fusion-carousel-item-wrapper\"><div class=\"fusion-image-wrapper fusion-image-size-fixed\" aria-haspopup=\"true\"><a href=\"http:\/\/merkanta.pl\/?product=deski-elewacyjne\"><img width=\"180\" height=\"138\" src=\"http:\/\/merkanta.pl\/wp-content\/uploads\/2016\/05\/deska_elewacyjna-180x138.jpg\" class=\"attachment-related-img size-related-img wp-post-image\" alt=\"\" decoding=\"async\" loading=\"lazy\" \/><\/a><\/div><h4 class=\"fusion-carousel-title\"><a href=\"http:\/\/merkanta.pl\/?product=deski-elewacyjne\" target=\"_self\">Deski elewacyjne<\/a><\/h4><div class=\"fusion-carousel-meta\"><a href=\"http:\/\/merkanta.pl\/?product_cat=matwyk\" rel=\"tag\">Materia\u0142y wyko\u0144czeniowe<\/a><\/div><\/div><\/div><\/li><\/ul><div class=\"fusion-carousel-nav\"><span class=\"fusion-nav-prev\"><\/span><span class=\"fusion-nav-next\"><\/span><\/div><\/div><\/div><\/div><\/div><\/div>\n","protected":false},"excerpt":{"rendered":"","protected":false},"author":1,"featured_media":0,"parent":0,"menu_order":0,"comment_status":"closed","ping_status":"closed","template":"","meta":[],"aioseo_notices":[],"_links":{"self":[{"href":"http:\/\/merkanta.pl\/index.php?rest_route=\/wp\/v2\/pages\/967"}],"collection":[{"href":"http:\/\/merkanta.pl\/index.php?rest_route=\/wp\/v2\/pages"}],"about":[{"href":"http:\/\/merkanta.pl\/index.php?rest_route=\/wp\/v2\/types\/page"}],"author":[{"embeddable":true,"href":"http:\/\/merkanta.pl\/index.php?rest_route=\/wp\/v2\/users\/1"}],"replies":[{"embeddable":true,"href":"http:\/\/merkanta.pl\/index.php?rest_route=%2Fwp%2Fv2%2Fcomments&post=967"}],"version-history":[{"count":1,"href":"http:\/\/merkanta.pl\/index.php?rest_route=\/wp\/v2\/pages\/967\/revisions"}],"predecessor-version":[{"id":968,"href":"http:\/\/merkanta.pl\/index.php?rest_route=\/wp\/v2\/pages\/967\/revisions\/968"}],"wp:attachment":[{"href":"http:\/\/merkanta.pl\/index.php?rest_route=%2Fwp%2Fv2%2Fmedia&parent=967"}],"curies":[{"name":"wp","href":"https:\/\/api.w.org\/{rel}","templated":true}]}}