{"id":959,"date":"2016-03-04T15:45:43","date_gmt":"2016-03-04T15:45:43","guid":{"rendered":"http:\/\/merkanta.pl\/?page_id=959"},"modified":"2017-01-28T08:15:13","modified_gmt":"2017-01-28T08:15:13","slug":"materialy-wykonczeniowe","status":"publish","type":"page","link":"http:\/\/merkanta.pl\/?page_id=959","title":{"rendered":"Materia\u0142y wyko\u0144czeniowe"},"content":{"rendered":"<div class=\"fusion-fullwidth fullwidth-box fusion-fullwidth-1  fusion-parallax-none nonhundred-percent-fullwidth\" style=\"border-color:#eae9e9;border-bottom-width: 0px;border-top-width: 0px;border-bottom-style: solid;border-top-style: solid;padding-bottom:0px;padding-top:0px;padding-left:;padding-right:;\"><style type=\"text\/css\" scoped=\"scoped\">.fusion-fullwidth-1 {\n                            padding-left: px !important;\n                            padding-right: px !important;\n                        }<\/style><div class=\"fusion-row\"><\/div><\/div><div class=\"fusion-fullwidth fullwidth-box fusion-fullwidth-2  fusion-parallax-none hundred-percent-fullwidth\" style=\"border-color:#eae9e9;border-bottom-width: 0px;border-top-width: 0px;border-bottom-style: solid;border-top-style: solid;padding-bottom:120px;padding-top:150px;padding-left:;padding-right:;background-position:left top;background-repeat:no-repeat;-webkit-background-size:cover;-moz-background-size:cover;-o-background-size:cover;background-size:cover;-ms-filter: &quot;progid:DXImageTransform.Microsoft.AlphaImageLoader(src=&#039;http:\/\/merkanta.pl\/wp-content\/uploads\/2015\/02\/294.jpg&#039;, sizingMethod=&#039;scale&#039;)&quot;;background-image: url(http:\/\/merkanta.pl\/wp-content\/uploads\/2015\/02\/294.jpg);\"><style type=\"text\/css\" scoped=\"scoped\">.fusion-fullwidth-2 {\n                            padding-left: px !important;\n                            padding-right: px !important;\n                        }<\/style><div class=\"fusion-row\"><\/div><\/div><div class=\"fusion-fullwidth fullwidth-box fusion-fullwidth-3  fusion-parallax-none nonhundred-percent-fullwidth\" style=\"border-color:#eae9e9;border-bottom-width: 0px;border-top-width: 0px;border-bottom-style: solid;border-top-style: solid;padding-bottom:0px;padding-top:0px;padding-left:;padding-right:;\"><style type=\"text\/css\" scoped=\"scoped\">.fusion-fullwidth-3 {\n                            padding-left: px !important;\n                            padding-right: px !important;\n                        }<\/style><div class=\"fusion-row\"><div class=\"fusion-sep-clear\"><\/div><div class=\"fusion-separator fusion-full-width-sep sep-none\" style=\"border-color:#e0dede;margin-left: auto;margin-right: auto;margin-top:20px;\"><\/div><p>Zapraszamy do zapoznania si\u0119 z nasz\u0105 ofert\u0105 z zakresu materia\u0142\u00f3w budowlanych i wyko\u0144czeniowych. Klient\u00f3w indywidualnych zapraszamy do naszego sk\u0142adu i sklepu, mieszcz\u0105cego si\u0119 przy ul. Wierzbickiej 26-44 w Radomiu.<\/p>\n<p>Inwestorzy, deweloperzy i hurtownie &#8211; prosimy o kontakt z dzia\u0142em handlowym &#8211; chcemy pozna\u0107 pa\u0144stwa potrzeby i indywidualnie przygotowa\u0107 atrakcyjne cenowo oferty na interesuj\u0105ce pa\u0144stwa materia\u0142y budowlane.<\/p>\n<div class=\"fusion-sep-clear\"><\/div><div class=\"fusion-separator fusion-full-width-sep sep-none\" style=\"border-color:#e0dede;margin-left: auto;margin-right: auto;margin-top:;\"><\/div><div class=\"fusion-woo-product-slider fusion-woo-slider\"><div class=\"fusion-carousel fusion-carousel-title-below-image\" data-metacontent=\"yes\" data-autoplay=\"no\" data-columns=\"5\" data-itemmargin=\"13\" data-itemwidth=\"180\" data-touchscroll=\"no\" data-imagesize=\"fixed\"><div class=\"fusion-carousel-positioner\"><ul class=\"fusion-carousel-holder\"><li class=\"fusion-carousel-item\"><div class=\"fusion-classic-product-image-wrapper\"><div class=\"fusion-carousel-item-wrapper\"><div class=\"fusion-image-wrapper fusion-image-size-fixed\" aria-haspopup=\"true\"><a href=\"http:\/\/merkanta.pl\/?product=plytki-ceramiczne\"><img width=\"180\" height=\"138\" src=\"http:\/\/merkanta.pl\/wp-content\/uploads\/2016\/03\/plytki-180x138.jpg\" class=\"attachment-related-img size-related-img wp-post-image\" alt=\"\" decoding=\"async\" loading=\"lazy\" \/><\/a><\/div><h4 class=\"fusion-carousel-title\"><a href=\"http:\/\/merkanta.pl\/?product=plytki-ceramiczne\" target=\"_self\">P\u0142ytki ceramiczne<\/a><\/h4><div class=\"fusion-carousel-meta\"><a href=\"http:\/\/merkanta.pl\/?product_cat=matwyk\" rel=\"tag\">Materia\u0142y wyko\u0144czeniowe<\/a><\/div><\/div><\/div><\/li><li class=\"fusion-carousel-item\"><div class=\"fusion-classic-product-image-wrapper\"><div class=\"fusion-carousel-item-wrapper\"><div class=\"fusion-image-wrapper fusion-image-size-fixed\" aria-haspopup=\"true\"><a href=\"http:\/\/merkanta.pl\/?product=ceramika-sanitarna\"><img width=\"180\" height=\"138\" src=\"http:\/\/merkanta.pl\/wp-content\/uploads\/2016\/03\/wamma-180x138.jpg\" class=\"attachment-related-img size-related-img wp-post-image\" alt=\"\" decoding=\"async\" loading=\"lazy\" \/><\/a><\/div><h4 class=\"fusion-carousel-title\"><a href=\"http:\/\/merkanta.pl\/?product=ceramika-sanitarna\" target=\"_self\">Ceramika sanitarna<\/a><\/h4><div class=\"fusion-carousel-meta\"><a href=\"http:\/\/merkanta.pl\/?product_cat=matwyk\" rel=\"tag\">Materia\u0142y wyko\u0144czeniowe<\/a><\/div><\/div><\/div><\/li><li class=\"fusion-carousel-item\"><div class=\"fusion-classic-product-image-wrapper\"><div class=\"fusion-carousel-item-wrapper\"><div class=\"fusion-image-wrapper fusion-image-size-fixed\" aria-haspopup=\"true\"><a href=\"http:\/\/merkanta.pl\/?product=sufity-podwieszane\"><img width=\"180\" height=\"138\" src=\"http:\/\/merkanta.pl\/wp-content\/uploads\/2016\/03\/sufity-180x138.jpg\" class=\"attachment-related-img size-related-img wp-post-image\" alt=\"\" decoding=\"async\" loading=\"lazy\" \/><\/a><\/div><h4 class=\"fusion-carousel-title\"><a href=\"http:\/\/merkanta.pl\/?product=sufity-podwieszane\" target=\"_self\">Sufity podwieszane<\/a><\/h4><div class=\"fusion-carousel-meta\"><a href=\"http:\/\/merkanta.pl\/?product_cat=matwyk\" rel=\"tag\">Materia\u0142y wyko\u0144czeniowe<\/a><\/div><\/div><\/div><\/li><li class=\"fusion-carousel-item\"><div class=\"fusion-classic-product-image-wrapper\"><div class=\"fusion-carousel-item-wrapper\"><div class=\"fusion-image-wrapper fusion-image-size-fixed\" aria-haspopup=\"true\"><a href=\"http:\/\/merkanta.pl\/?product=chemia-budowlana\"><img width=\"180\" height=\"138\" src=\"http:\/\/merkanta.pl\/wp-content\/uploads\/2016\/03\/chemiabudowlana-180x138.jpg\" class=\"attachment-related-img size-related-img wp-post-image\" alt=\"\" decoding=\"async\" loading=\"lazy\" \/><\/a><\/div><h4 class=\"fusion-carousel-title\"><a href=\"http:\/\/merkanta.pl\/?product=chemia-budowlana\" target=\"_self\">Chemia budowlana<\/a><\/h4><div class=\"fusion-carousel-meta\"><a href=\"http:\/\/merkanta.pl\/?product_cat=matwyk\" rel=\"tag\">Materia\u0142y wyko\u0144czeniowe<\/a><\/div><\/div><\/div><\/li><li class=\"fusion-carousel-item\"><div class=\"fusion-classic-product-image-wrapper\"><div class=\"fusion-carousel-item-wrapper\"><div class=\"fusion-image-wrapper fusion-image-size-fixed\" aria-haspopup=\"true\"><a href=\"http:\/\/merkanta.pl\/?product=karton-gips\"><img width=\"180\" height=\"138\" src=\"http:\/\/merkanta.pl\/wp-content\/uploads\/2016\/03\/karton-180x138.jpg\" class=\"attachment-related-img size-related-img wp-post-image\" alt=\"\" decoding=\"async\" loading=\"lazy\" \/><\/a><\/div><h4 class=\"fusion-carousel-title\"><a href=\"http:\/\/merkanta.pl\/?product=karton-gips\" target=\"_self\">Karton gips<\/a><\/h4><div class=\"fusion-carousel-meta\"><a href=\"http:\/\/merkanta.pl\/?product_cat=matwyk\" rel=\"tag\">Materia\u0142y wyko\u0144czeniowe<\/a><\/div><\/div><\/div><\/li><li class=\"fusion-carousel-item\"><div class=\"fusion-classic-product-image-wrapper\"><div class=\"fusion-carousel-item-wrapper\"><div class=\"fusion-image-wrapper fusion-image-size-fixed\" aria-haspopup=\"true\"><a href=\"http:\/\/merkanta.pl\/?product=farby-i-lakiery\"><img width=\"180\" height=\"138\" src=\"http:\/\/merkanta.pl\/wp-content\/uploads\/2016\/03\/pallette-180x138.jpg\" class=\"attachment-related-img size-related-img wp-post-image\" alt=\"\" decoding=\"async\" loading=\"lazy\" \/><\/a><\/div><h4 class=\"fusion-carousel-title\"><a href=\"http:\/\/merkanta.pl\/?product=farby-i-lakiery\" target=\"_self\">Farby i lakiery<\/a><\/h4><div class=\"fusion-carousel-meta\"><a href=\"http:\/\/merkanta.pl\/?product_cat=matwyk\" rel=\"tag\">Materia\u0142y wyko\u0144czeniowe<\/a><\/div><\/div><\/div><\/li><li class=\"fusion-carousel-item\"><div class=\"fusion-classic-product-image-wrapper\"><div class=\"fusion-carousel-item-wrapper\"><div class=\"fusion-image-wrapper fusion-image-size-fixed\" aria-haspopup=\"true\"><a href=\"http:\/\/merkanta.pl\/?product=pustaki-szklane-luksfery\"><img width=\"180\" height=\"138\" src=\"http:\/\/merkanta.pl\/wp-content\/uploads\/2016\/03\/pustakszklany-180x138.jpg\" class=\"attachment-related-img size-related-img wp-post-image\" alt=\"\" decoding=\"async\" loading=\"lazy\" \/><\/a><\/div><h4 class=\"fusion-carousel-title\"><a href=\"http:\/\/merkanta.pl\/?product=pustaki-szklane-luksfery\" target=\"_self\">Pustaki szklane Luksfery<\/a><\/h4><div class=\"fusion-carousel-meta\"><a href=\"http:\/\/merkanta.pl\/?product_cat=matwyk\" rel=\"tag\">Materia\u0142y wyko\u0144czeniowe<\/a><\/div><\/div><\/div><\/li><li class=\"fusion-carousel-item\"><div class=\"fusion-classic-product-image-wrapper\"><div class=\"fusion-carousel-item-wrapper\"><div class=\"fusion-image-wrapper fusion-image-size-fixed\" aria-haspopup=\"true\"><a href=\"http:\/\/merkanta.pl\/?product=deski-elewacyjne\"><img width=\"180\" height=\"138\" src=\"http:\/\/merkanta.pl\/wp-content\/uploads\/2016\/05\/deska_elewacyjna-180x138.jpg\" class=\"attachment-related-img size-related-img wp-post-image\" alt=\"\" decoding=\"async\" loading=\"lazy\" \/><\/a><\/div><h4 class=\"fusion-carousel-title\"><a href=\"http:\/\/merkanta.pl\/?product=deski-elewacyjne\" target=\"_self\">Deski elewacyjne<\/a><\/h4><div class=\"fusion-carousel-meta\"><a href=\"http:\/\/merkanta.pl\/?product_cat=matwyk\" rel=\"tag\">Materia\u0142y wyko\u0144czeniowe<\/a><\/div><\/div><\/div><\/li><\/ul><div class=\"fusion-carousel-nav\"><span class=\"fusion-nav-prev\"><\/span><span class=\"fusion-nav-next\"><\/span><\/div><\/div><\/div><\/div><\/div><\/div>\n","protected":false},"excerpt":{"rendered":"","protected":false},"author":1,"featured_media":0,"parent":0,"menu_order":0,"comment_status":"closed","ping_status":"closed","template":"100-width.php","meta":[],"aioseo_notices":[],"_links":{"self":[{"href":"http:\/\/merkanta.pl\/index.php?rest_route=\/wp\/v2\/pages\/959"}],"collection":[{"href":"http:\/\/merkanta.pl\/index.php?rest_route=\/wp\/v2\/pages"}],"about":[{"href":"http:\/\/merkanta.pl\/index.php?rest_route=\/wp\/v2\/types\/page"}],"author":[{"embeddable":true,"href":"http:\/\/merkanta.pl\/index.php?rest_route=\/wp\/v2\/users\/1"}],"replies":[{"embeddable":true,"href":"http:\/\/merkanta.pl\/index.php?rest_route=%2Fwp%2Fv2%2Fcomments&post=959"}],"version-history":[{"count":7,"href":"http:\/\/merkanta.pl\/index.php?rest_route=\/wp\/v2\/pages\/959\/revisions"}],"predecessor-version":[{"id":1531,"href":"http:\/\/merkanta.pl\/index.php?rest_route=\/wp\/v2\/pages\/959\/revisions\/1531"}],"wp:attachment":[{"href":"http:\/\/merkanta.pl\/index.php?rest_route=%2Fwp%2Fv2%2Fmedia&parent=959"}],"curies":[{"name":"wp","href":"https:\/\/api.w.org\/{rel}","templated":true}]}}